{"id":46,"date":"2018-06-05T14:41:04","date_gmt":"2018-06-05T14:41:04","guid":{"rendered":"http:\/\/psychotherapie-doering.de\/?page_id=46"},"modified":"2018-06-05T15:11:37","modified_gmt":"2018-06-05T15:11:37","slug":"private-krankenkassen","status":"publish","type":"page","link":"https:\/\/psychotherapie-doering.de\/?page_id=46","title":{"rendered":"Private Krankenkassen"},"content":{"rendered":"<p>&nbsp;<\/p>\n<p>Fast alle privaten Krankenversicherungen \u00fcbernehmen die Kosten f\u00fcr meine Leistungen anstandslos. Es h\u00e4ngt von Ihrem individuellen Versicherungsvertrag ab, in welchem Umfang psychotherapeutische Leistungen \u00fcbernommen werden. Oft wird ein bestimmtes Stundenkontingent pro Jahr \u00fcbernommen. Erkundigen Sie sich bitte vor einem ersten Termin bei Ihrer Krankenkasse nach den Bedingungen. Ich stelle Ihnen regelm\u00e4\u00dfig eine Rechnung, die Sie wie auch andere Leistungen bei Ihrer Kasse einreichen und sich erstatten lassen k\u00f6nnen.<\/p>\n","protected":false},"excerpt":{"rendered":"<p>&nbsp; Fast alle privaten Krankenversicherungen \u00fcbernehmen die Kosten f\u00fcr meine Leistungen anstandslos. Es h\u00e4ngt von Ihrem individuellen Versicherungsvertrag ab, in welchem Umfang psychotherapeutische Leistungen \u00fcbernommen werden. Oft wird ein bestimmtes Stundenkontingent pro Jahr \u00fcbernommen. Erkundigen Sie sich bitte vor einem ersten Termin bei Ihrer Krankenkasse nach den Bedingungen. Ich stelle Ihnen regelm\u00e4\u00dfig eine Rechnung, die&hellip;<\/p>\n","protected":false},"author":1,"featured_media":0,"parent":43,"menu_order":0,"comment_status":"closed","ping_status":"closed","template":"","meta":[],"_links":{"self":[{"href":"https:\/\/psychotherapie-doering.de\/index.php?rest_route=\/wp\/v2\/pages\/46"}],"collection":[{"href":"https:\/\/psychotherapie-doering.de\/index.php?rest_route=\/wp\/v2\/pages"}],"about":[{"href":"https:\/\/psychotherapie-doering.de\/index.php?rest_route=\/wp\/v2\/types\/page"}],"author":[{"embeddable":true,"href":"https:\/\/psychotherapie-doering.de\/index.php?rest_route=\/wp\/v2\/users\/1"}],"replies":[{"embeddable":true,"href":"https:\/\/psychotherapie-doering.de\/index.php?rest_route=%2Fwp%2Fv2%2Fcomments&post=46"}],"version-history":[{"count":2,"href":"https:\/\/psychotherapie-doering.de\/index.php?rest_route=\/wp\/v2\/pages\/46\/revisions"}],"predecessor-version":[{"id":86,"href":"https:\/\/psychotherapie-doering.de\/index.php?rest_route=\/wp\/v2\/pages\/46\/revisions\/86"}],"up":[{"embeddable":true,"href":"https:\/\/psychotherapie-doering.de\/index.php?rest_route=\/wp\/v2\/pages\/43"}],"wp:attachment":[{"href":"https:\/\/psychotherapie-doering.de\/index.php?rest_route=%2Fwp%2Fv2%2Fmedia&parent=46"}],"curies":[{"name":"wp","href":"https:\/\/api.w.org\/{rel}","templated":true}]}}