{"id":48,"date":"2018-06-05T14:41:32","date_gmt":"2018-06-05T14:41:32","guid":{"rendered":"http:\/\/psychotherapie-doering.de\/?page_id=48"},"modified":"2018-06-05T15:11:16","modified_gmt":"2018-06-05T15:11:16","slug":"beihilfe-der-beamtenversorgung","status":"publish","type":"page","link":"http:\/\/psychotherapie-doering.de\/?page_id=48","title":{"rendered":"Beihilfe der Beamtenversorgung"},"content":{"rendered":"<p>&nbsp;<\/p>\n<p>Ihre Beihilfestelle erwartet zur Beantragung einer Psychotherapie einen Antrag, den ich gerne f\u00fcr Sie schreibe. Gemeinsam mit Ihrer zus\u00e4tzlichen privaten Krankenkasse \u00fcbernimmt sie nach Zustimmung des Kostenantrags die Behandlungskosten.<\/p>\n","protected":false},"excerpt":{"rendered":"<p>&nbsp; Ihre Beihilfestelle erwartet zur Beantragung einer Psychotherapie einen Antrag, den ich gerne f\u00fcr Sie schreibe. Gemeinsam mit Ihrer zus\u00e4tzlichen privaten Krankenkasse \u00fcbernimmt sie nach Zustimmung des Kostenantrags die Behandlungskosten.<\/p>\n","protected":false},"author":1,"featured_media":0,"parent":43,"menu_order":0,"comment_status":"closed","ping_status":"closed","template":"","meta":[],"_links":{"self":[{"href":"http:\/\/psychotherapie-doering.de\/index.php?rest_route=\/wp\/v2\/pages\/48"}],"collection":[{"href":"http:\/\/psychotherapie-doering.de\/index.php?rest_route=\/wp\/v2\/pages"}],"about":[{"href":"http:\/\/psychotherapie-doering.de\/index.php?rest_route=\/wp\/v2\/types\/page"}],"author":[{"embeddable":true,"href":"http:\/\/psychotherapie-doering.de\/index.php?rest_route=\/wp\/v2\/users\/1"}],"replies":[{"embeddable":true,"href":"http:\/\/psychotherapie-doering.de\/index.php?rest_route=%2Fwp%2Fv2%2Fcomments&post=48"}],"version-history":[{"count":2,"href":"http:\/\/psychotherapie-doering.de\/index.php?rest_route=\/wp\/v2\/pages\/48\/revisions"}],"predecessor-version":[{"id":84,"href":"http:\/\/psychotherapie-doering.de\/index.php?rest_route=\/wp\/v2\/pages\/48\/revisions\/84"}],"up":[{"embeddable":true,"href":"http:\/\/psychotherapie-doering.de\/index.php?rest_route=\/wp\/v2\/pages\/43"}],"wp:attachment":[{"href":"http:\/\/psychotherapie-doering.de\/index.php?rest_route=%2Fwp%2Fv2%2Fmedia&parent=48"}],"curies":[{"name":"wp","href":"https:\/\/api.w.org\/{rel}","templated":true}]}}